of x.
2
Suppose t = -3*p + 3*t - 4, -5*t + 33 = 4*p. What are the prime factors of 15 + p/(-4 - -2)?
2, 7
Suppose 0 = 4*m - 12. Suppose 0 = -h - s + 6 + 6, -m*s + 6 = h. List the prime factors of h.
3, 5
Suppose -5*f = -4*i + 7 + 9, -2*f = 4*i - 16. Suppose f = -p + 9. List the prime factors of p.
3
Let k(i) be the third derivative of 0*i + 1/20*i**5 + 0 + 1/24*i**4 - 4*i**2 + 1/3*i**3. What are the prime factors of k(2)?
2
What are the prime factors of -2 + (716/7 - 2/7)?
2, 5
Suppose 3*l + 9 - 24 = 0. Suppose 2*d - 13 = h + 61, 4*d - 152 = 4*h. Suppose -l*b = -4 - d. What are the prime factors of b?
2
Let s = -64 + 124. Suppose 40 = 2*p - s. What are the prime factors of p?
2, 5
Suppose -s = -4*s + 15. Let o(p) = -p**3 + 5*p**2 + 4*p - 2. Let h be o(s). What are the prime factors of (0 + 1)/(2/h)?
3
Let f = -6 - -8. Let q be 5/((-2)/f)*-1. Suppose b + y = -y + 13, 0 = b - q*y - 13. List the prime factors of b.
13
Suppose -g + 16 = -3*g. What are the prime factors of g/4*-8 - -1?
17
Suppose 4*h - 3*h = -8. Let p(v) = -v**3 + v**2 + 6*v - 1. Let y be p(-3). Let t = h + y. What are the prime factors of t?
3
Let m be (-3)/(((-27)/(-12))/(-3)). Suppose 1 = -m*a + 9. What are the prime factors of a?
2
Let h(f) = -f + 3. Let v be h(3). Suppose -6 = -2*k, 2*b + 0*b + 4*k - 24 = v. List the prime factors of b.
2, 3
Let f(u) = -u**3 + 4*u**2 + u - 2. Suppose 0 = -2*o - 3*b + 8, 2 = -4*o + 3*b + 18. Suppose o*q = 4*y, -2*y - 5*q + 8 = -13. List the prime factors of f(y).
2, 5
Suppose -p + 6 - 2 = 0. Suppose -4*w + 8 = -p*r + 60, -2*r + 3*w + 23 = 0. List the prime factors of r.
2
Let w = -3 - -11. Suppose 5*g = f + 11 + 2, 0 = -2*g - 3*f + 12. Let k = g + w. List the prime factors of k.
11
Suppose 0*o = 2*o - 5*u - 15, -5*o - u = -78. Let w = 24 - o. List the prime factors of w.
3
Let y be 13/((-2 + 3)/4). Suppose -u = u - y. List the prime factors of u.
2, 13
Let i(g) be the second derivative of -g**3/6 + g**2/2 + g. Let v be i(8). Let t = 2 - v. What are the prime factors of t?
3
Let n(a) = -a**2 - 2*a + 11. Let d be n(-8). Let j = -25 - d. List the prime factors of j.
2, 3
Let z be 10 - (-1 + 2 + 1). Let q(s) = -s**2 + s + 5. Let y be q(0). Let r = z - y. What are the prime factors of r?
3
Let p = 106 + -62. List the prime factors of p.
2, 11
Let o(f) = f**2 - 4*f + 4. Let z = 5 - 2. Let b be o(z). What are the prime factors of (5 + 0)*1/b?
5
Suppose 0*c + 64 = 2*c. Let k = -17 + c. List the prime factors of k.
3, 5
Suppose -3*z = -2*z + 3. Let d = z - -11. What are the prime factors of d?
2
Suppose 0 = 5*z - 10, 3*b - 2*z = z + 9. Suppose -50 = -4*w - 2*c, -5*w + 31 = -b*c - 39. What are the prime factors of w?
13
Suppose 4*x - 17 = 4*w - 7*w, 0 = 4*x + 4*w - 20. Let d be (x + -5)*2/(-3). Suppose -p + 0*p - d*m = -11, 4*p = -5*m + 32. What are the prime factors of p?
3
Let o(c) = -c**3 + 7*c**2 + 8*c - 1. List the prime factors of o(6).
83
Let x = 10 + -7. Suppose 0 = -g + 2*g + x*m - 16, 0 = 2*g + 3*m - 44. What are the prime factors of g?
2, 7
Let m(v) = -v**3 + 7*v**2 + 3*v - 8. Let s be m(7). Suppose b - 49 = -5*q + s, 0 = -3*q - 4*b + 27. List the prime factors of q.
13
What are the prime factors of 40*2/30*6?
2
Let k(m) = m**2 - 5*m + 1. Let s be k(5). Let d = 13 + s. Suppose 0 = -2*g + 8 + d. What are the prime factors of g?
11
Let r(b) = b + 5. Let s be r(-5). Suppose -g + s*g + 18 = 0. What are the prime factors of g?
2, 3
Suppose 2*r - 40 = -3*r. Suppose 0 = -4*w + 179 - 15. Suppose -v + 2*v + 4*o + r = 0, -3*v = -o - w. List the prime factors of v.
2, 3
Let k = 29 + -7. What are the prime factors of k?
2, 11
Let y = 117 - 34. What are the prime factors of y?
83
Suppose -p + 9 = -69. What are the prime factors of p?
2, 3, 13
List the prime factors of ((-108)/(-15))/(4/20 - 0).
2, 3
Suppose 2*r - 2*s = 2, -3*r = -2*r + 4*s + 4. What are the prime factors of (r + (-2 - -3))*27?
3
Suppose -3*d = -20 + 2. List the prime factors of d.
2, 3
Let n be 1/(-2) + (-93)/(-2). Let k be 1/(-2)*n*-1. List the prime factors of k/2 + 1/(-2).
11
Suppose -2*l = -2 - 4. List the prime factors of ((-2)/l)/(12/(-306)).
17
Suppose l = 2*o - 9, -2*o + 7 = -3. Suppose 47 + l = 3*w. List the prime factors of w.
2
Let l = 1 + -8. Let w(u) = -2*u**2 - 7*u + 1. Let o be w(-5). What are the prime factors of (4/o)/(1/l)?
2
Let d = -51 - -12. Let m = -63 - d. What are the prime factors of (m + -2)*(-3)/6?
13
What are the prime factors of (10/5)/(-2 - 0) + 98?
97
Suppose 4*a - 2*f = 8, 4*a + 5*f = -5 + 27. Suppose a*i + 13 = 4*i. List the prime factors of i.
13
Let h(q) = 4*q**3 + q**2 + q + 1. Let y be h(-1). What are the prime factors of (y/(-2))/(3/40)?
2, 5
Let p(w) = 9*w**3 - w**2. Let l be p(1). Let x = 0 + l. Suppose 0 = -n + i + x, 3*i = 5*n + i - 52. What are the prime factors of n?
2, 3
Let u(n) = -14*n + 2. Let f be u(-6). Suppose 5*w - f = 124. Suppose 5*g + 17 = w. What are the prime factors of g?
5
Suppose 30*h - 25*h = 680. List the prime factors of h.
2, 17
Let d(z) be the third derivative of -z**5/60 + 5*z**3/3 - z**2. Let h be d(0). Suppose 3*g + h = 5*g. What are the prime factors of g?
5
Suppose 140 = 2*a - 5*y + 3, y + 73 = a. Suppose -5*s + a = -s. What are the prime factors of s?
19
Let z(h) = -h**2 + 9*h + 16. Let k be z(11). Let t = 21 + k. What are the prime factors of t?
3, 5
Suppose 2*l - 3*l + 5 = 0. Suppose g = -l*a - 13, a + 11 = g - 0*a. Let u(j) = 2*j - 8. List the prime factors of u(g).
2, 3
Let m be (2 + -5)*(-5)/3. Suppose m*o = o - 24. Let u = o - -19. List the prime factors of u.
13
Let y be 0*(3 + (0 - 2)). List the prime factors of (y - 2)*-7 + 0.
2, 7
Suppose 0 = 4*q - 3 - 5. Suppose -z + 51 = 3*a, -5*z + 1 - q = -a. What are the prime factors of a?
2
Let t(k) = k**2 + 3*k - 9. What are the prime factors of t(-7)?
19
Suppose 0 = 4*j - 77 + 385. What are the prime factors of (-3938)/j + 2/(-14)?
3, 17
Let o(z) = -z**2 - 17*z - 6. Let k be o(-7). Suppose 0 = -4*q - 4*a - k, q + 5*a = 3*a - 20. List the prime factors of q/5*30/(-6).
2, 3
Let a = 18 + -4. Let w = a - 12. What are the prime factors of w?
2
Suppose -150 = s - 6*s. Suppose -s = -o - o. What are the prime factors of o?
3, 5
Let l be 2 - 7*(-1 + -6). Let f(r) = 2*r + 1. Let p be f(2). Suppose -50 = -4*o - 3*y, -2*y + l = p*o - 8. What are the prime factors of o?
11
Let k(y) = 3*y**2 - 8*y + 6. List the prime factors of k(5).
41
Let j(u) = u**2 + 6*u - 7. Let c be j(-7). Let q(g) = -g**2 + g + 17. What are the prime factors of q(c)?
17
Suppose 2*x = -2*x + 4*p + 20, -3*p = 3. Suppose -x*t + 28 - 4 = 0. Suppose q - t = -q. What are the prime factors of q?
3
Suppose -3*p + 5*p - 37 = 5*l, 4*l = -4. List the prime factors of p.
2
List the prime factors of (-27)/(-9) - 75/(-1).
2, 3, 13
Suppose 5 = 4*a - 3. List the prime factors of a.
2
Let v = -1 - -3. Let k = 7 - v. Suppose -3*b = 4*x + 8 - 25, 0 = b + k*x + 9. What are the prime factors of b?
11
Suppose 50 = 5*u + 3*f, u + 2*f - 5 = -2. Suppose 0 = -2*z + u + 5. What are the prime factors of z?
3
Let o = -20 + 29. What are the prime factors of 70/6 + 3/o?
2, 3
Let v(x) = 22*x - 3*x**2 + 4*x**2 - 20 - 10*x. List the prime factors of v(-14).
2
Suppose 0 = -8*b + 4*b + 120. What are the prime factors of b?
2, 3, 5
Let h = -30 + 111. What are the prime factors of h?
3
Suppose 5*s + 2*w - 9 = 0, 0 = 2*s - 3*w - 16 + 1. Suppose 3*b - 2*y = 7, -4*b - 2*y - s*y - 6 = 0. What are the prime factors of (-5 + b)/(1*-2)?
2
Let n be (-4)/(-1)*24/(-32). Let v(x) = x**3 + 5*x**2 + 3*x + 3. List the prime factors of v(n).
2, 3
What are the prime factors of ((-38)/8)/(5/(-120))?
2, 3, 19
Suppose 3*f = -3*u - 0*u - 12, 5*u + 28 = 3*f. Let w(i) = -2*i + 7. List the prime factors of w(u).
17
Suppose 33 = 4*q + 1. What are the prime factors of q?
2
Suppose -4*x - 12 = 32. Let c = 0 - x. What are the prime factors of c?
11
Let m = 423 + -181. List the prime factors of m.
2, 11
Let v be (-60)/3 + (-6)/3. Let p be 1/(v/(-12) + -2). Let b(m) = -m - 2. List the prime factors of b(p).
2
Let m(o) = -o**2 - 6*o + 110. List the prime factors of m(0).
2, 5, 11
Let v(s) = s**2 + 6*s + 9. Let j be v(-6). What are the prime factors of 155/j - 2/9?
17
Let p(c) = c**3 - 4*c**2 + 7*c - 4. Let d(t) = t**3 + t**2 + t + 1. Let h(m) = 2*d(m) - p(m). What are t